{"id":2116,"date":"2023-09-30T21:44:03","date_gmt":"2023-09-30T19:44:03","guid":{"rendered":"https:\/\/pixelservices.net\/?page_id=2116"},"modified":"2023-09-30T21:48:10","modified_gmt":"2023-09-30T19:48:10","slug":"aviso-legal-de-pixel-services","status":"publish","type":"page","link":"https:\/\/www.pixelservices.net\/?page_id=2116","title":{"rendered":"Aviso Legal de Pixel Services"},"content":{"rendered":"\n<h3 class=\"wp-block-heading\">Introducci\u00f3n<\/h3>\n\n\n\n<p>Este Aviso Legal tiene como objetivo informarte sobre tus derechos y obligaciones como usuario de este sitio web. Aqu\u00ed encontrar\u00e1s toda la informaci\u00f3n relevante acerca de este sitio web, su actividad, los datos personales que recopila y su finalidad, as\u00ed como las normas que regulan el uso de este sitio web.<\/p>\n\n\n\n<p>Al acceder a <a href=\"https:\/\/pixelservices.net\/\">https:\/\/pixelservices.net<\/a>, asumes la condici\u00f3n de usuario, lo que significa que el contenido de este Aviso Legal te afecta directamente. Por ello, es fundamental que lo leas para aclarar cualquier duda y entender las condiciones que est\u00e1s aceptando.<\/p>\n\n\n\n<p>Este sitio web cumple con las normativas vigentes en materia de protecci\u00f3n de datos, con el fin de ofrecerte las garant\u00edas, seguridad y transparencia que te corresponden como usuario.<\/p>\n\n\n\n<ul>\n<li><strong>RGPD<\/strong> (Reglamento (UE) 2016\/679 del Parlamento Europeo y del Consejo de 27 de abril de 2016)<\/li>\n\n\n\n<li><strong>LOPD<\/strong> (Ley Org\u00e1nica 15\/1999, de 13 de diciembre, y Real Decreto 1720\/2007, de 21 de diciembre)<\/li>\n\n\n\n<li><strong>LSSI<\/strong> (Ley 34\/2002, de 11 de julio, de Servicios de la Sociedad de la Informaci\u00f3n y Comercio Electr\u00f3nico)<\/li>\n<\/ul>\n\n\n\n<h4 class=\"wp-block-heading\">Datos de Identificaci\u00f3n<\/h4>\n\n\n\n<p>El responsable y titular de este sitio web es Pixel Services.<\/p>\n\n\n\n<ul>\n<li><strong>Nombre<\/strong>: Pixel Services<\/li>\n\n\n\n<li><strong>Actividad del sitio web<\/strong>: Desarrollo y mantenimiento de p\u00e1ginas web.<\/li>\n\n\n\n<li><strong>Correo electr\u00f3nico<\/strong>: <a href=\"mailto:info@pixelservices.net\">info@pixelservices.net<\/a><\/li>\n<\/ul>\n\n\n\n<h4 class=\"wp-block-heading\">Normas de Acceso al Sitio Web<\/h4>\n\n\n\n<p>Como usuario, tambi\u00e9n tienes una serie de obligaciones:<\/p>\n\n\n\n<ul>\n<li>No podr\u00e1s utilizar este sitio web para actividades contrarias a las leyes, la moral, el orden p\u00fablico y, en general, debes hacer un uso conforme a las condiciones establecidas en este Aviso Legal.<\/li>\n\n\n\n<li>No podr\u00e1s realizar actividades publicitarias o de explotaci\u00f3n comercial utilizando una identidad falsa.<\/li>\n<\/ul>\n\n\n\n<h4 class=\"wp-block-heading\">Propiedad Intelectual e Industrial<\/h4>\n\n\n\n<p>Todo el contenido de este sitio web est\u00e1 protegido por las leyes de Propiedad Intelectual e Industrial. La reproducci\u00f3n, distribuci\u00f3n, comunicaci\u00f3n p\u00fablica y transformaci\u00f3n de los contenidos son actividades prohibidas, salvo para uso personal y privado.<\/p>\n\n\n\n<h4 class=\"wp-block-heading\">Enlaces o Links<\/h4>\n\n\n\n<p>Este sitio web puede incluir enlaces a sitios de terceros. No somos responsables del contenido o pol\u00edticas de privacidad de esos sitios.<\/p>\n\n\n\n<h4 class=\"wp-block-heading\">Limitaci\u00f3n de Responsabilidad<\/h4>\n\n\n\n<p>Pixel Services no se hace responsable de:<\/p>\n\n\n\n<ul>\n<li>La calidad del servicio, la velocidad de acceso, el correcto funcionamiento ni la disponibilidad ni continuidad de funcionamiento del sitio.<\/li>\n\n\n\n<li>La existencia de virus, malware o programas maliciosos en los contenidos.<\/li>\n\n\n\n<li>El uso il\u00edcito, negligente, fraudulento o contrario a este Aviso Legal.<\/li>\n<\/ul>\n\n\n\n<h4 class=\"wp-block-heading\">Pol\u00edtica de Privacidad y Protecci\u00f3n de Datos<\/h4>\n\n\n\n<p>Este sitio web cumple con la normativa vigente en materia de protecci\u00f3n de datos. Para m\u00e1s informaci\u00f3n, consulta nuestra <strong>Pol\u00edtica de Privacidad<\/strong>.<\/p>\n\n\n\n<h4 class=\"wp-block-heading\">Pol\u00edtica de Cookies<\/h4>\n\n\n\n<p>Para m\u00e1s informaci\u00f3n sobre el uso de cookies en este sitio web, consulta nuestra <strong>Pol\u00edtica de Cookies.<\/strong><\/p>\n\n\n\n<h4 class=\"wp-block-heading\">Legislaci\u00f3n Aplicable y Jurisdicci\u00f3n Competente<\/h4>\n\n\n\n<p>Este Aviso Legal se rige por la legislaci\u00f3n espa\u00f1ola. Para cualquier tipo de controversia, ambas partes se someter\u00e1n a los juzgados y tribunales competentes de acuerdo con la legislaci\u00f3n.<\/p>\n\n\n\n<p>Si tienes alguna duda sobre este Aviso Legal, puedes contactarnos en <a href=\"mailto:info@pixelservices.net\">info@pixelservices.net<\/a>.<\/p>\n","protected":false},"excerpt":{"rendered":"<p>Introducci\u00f3n Este Aviso Legal tiene como objetivo informarte sobre tus derechos y obligaciones como usuario de este sitio web. Aqu\u00ed.. <span class=\"mil-el-more\"><a href=\"https:\/\/www.pixelservices.net\/?page_id=2116\" class=\"mil-button mil-button-lg\"><span>Read more<\/span><\/a><\/span><\/p>\n","protected":false},"author":1,"featured_media":0,"parent":0,"menu_order":0,"comment_status":"closed","ping_status":"closed","template":"","meta":{"om_disable_all_campaigns":false,"_monsterinsights_skip_tracking":false,"_monsterinsights_sitenote_active":false,"_monsterinsights_sitenote_note":"","_monsterinsights_sitenote_category":0,"footnotes":""},"acf":[],"aioseo_notices":[],"_links":{"self":[{"href":"https:\/\/www.pixelservices.net\/index.php?rest_route=\/wp\/v2\/pages\/2116"}],"collection":[{"href":"https:\/\/www.pixelservices.net\/index.php?rest_route=\/wp\/v2\/pages"}],"about":[{"href":"https:\/\/www.pixelservices.net\/index.php?rest_route=\/wp\/v2\/types\/page"}],"author":[{"embeddable":true,"href":"https:\/\/www.pixelservices.net\/index.php?rest_route=\/wp\/v2\/users\/1"}],"replies":[{"embeddable":true,"href":"https:\/\/www.pixelservices.net\/index.php?rest_route=%2Fwp%2Fv2%2Fcomments&post=2116"}],"version-history":[{"count":2,"href":"https:\/\/www.pixelservices.net\/index.php?rest_route=\/wp\/v2\/pages\/2116\/revisions"}],"predecessor-version":[{"id":2120,"href":"https:\/\/www.pixelservices.net\/index.php?rest_route=\/wp\/v2\/pages\/2116\/revisions\/2120"}],"wp:attachment":[{"href":"https:\/\/www.pixelservices.net\/index.php?rest_route=%2Fwp%2Fv2%2Fmedia&parent=2116"}],"curies":[{"name":"wp","href":"https:\/\/api.w.org\/{rel}","templated":true}]}}